 = 12 - 8. Let j = 1 + a. Let s(u) = -u + 11. Give s(j).
6
Let p(i) = -i**2 - 5*i - 2. Let d be p(-4). Let z(o) = -o**d + 3*o + 1 + o + 2. What is z(4)?
3
Let k(d) be the second derivative of 3/2*d**2 + 0 + 7*d - 1/6*d**3. Suppose -3*f + 46 - 8 = -4*b, -3*f + 8 = 2*b. What is k(f)?
-3
Let k(r) = r**2 + r + 4. Let y = 16 + -16. Calculate k(y).
4
Let y(z) = -z**3 - 11*z**2 - 9*z + 11. Let c be y(-10). Let h(s) be the second derivative of -5*s**4/12 - s**2/2 + 34*s. Give h(c).
-6
Let i(q) = q**3 - 3*q**2 - 5*q + 3. Suppose 2*j + 2*j = 16. What is i(j)?
-1
Let i(d) = d**3 - 8*d**2 + 1. Let w(r) = -r**3 + 7*r**2 - r - 2. Let f(g) = 2*i(g) + 3*w(g). Give f(4).
0
Let y(m) = m + 3. Suppose 4 = 4*o + 24. Let p be y(o). Let a(d) = 3*d. What is a(p)?
-6
Let g(d) = -5*d**2 - 3*d - 3. Let j(o) = 27*o**2 + 16*o + 15. Let l(z) = -11*g(z) - 2*j(z). What is l(0)?
3
Let o(f) = -f**2 + 7*f - 2. Let s(n) = -n**2 - 12*n - 20. Let i be s(-9). What is o(i)?
-2
Let f(a) = a + 11. Let x be 4/(-18) + (-146)/(-9). Suppose -5*d + 9*d - x = 0. Suppose d*c = 4*q + 3*c + 21, 3 = -q - 2*c. Give f(q).
6
Let x = 4 - 9. Let t = x + 11. Let s(i) = -2*i + 8. Give s(t).
-4
Suppose -3*w + 4 = -2*x - 4, -9 = -2*w + 5*x. Suppose u = 4*a - w*u - 5, 0 = u + 3. Let o(h) = -5*h**2 - 2*h - 1. Determine o(a).
-4
Let x(c) = c - 2. Suppose 7*k - 35 = -0. Calculate x(k).
3
Suppose 0*u - 5*u = -j - 8, u + 4*j = 10. Let n = -1 + u. Let f(r) = 4*r**2 - 2*r + 1. Give f(n).
3
Let l(k) = k**3 - 3*k**2 - 4. Let z(x) = x**3 + 6*x**2 - 7*x + 5. Let m be z(-7). Suppose -m*r + 0*r + 20 = 0. Calculate l(r).
12
Suppose 2*x = 6, 9*t - 36 = 4*t + 3*x. Suppose 5*u = t*u + 4. Let b(n) = -n**2. Determine b(u).
-1
Let i(k) = 2*k**2 - k - 2. Suppose 3*y = 2*a - 12, -30 = -5*a + 6*y - y. Suppose 2*f + 14 - 6 = 5*w, -f - w = 4. Let r = f + a. Give i(r).
4
Let h(r) = 2*r**2 + 2. Suppose -5*s = -8 - 2. Determine h(s).
10
Let z(f) = f**2 + 3*f + 3. Let b be z(-3). Let m(s) = -8 + 5*s - 2*s**2 - s**b + s + 9. What is m(-4)?
9
Let a(f) be the second derivative of -f**6/720 - f**5/60 - f**4/4 - 3*f. Let y(r) be the third derivative of a(r). Calculate y(-5).
3
Suppose 5*w = 6 + 14. Let n(d) = -3*d**2 - 3*d + 9. Let y(h) = 2*h**2 + 4*h - 8. Let u(v) = -3*n(v) - 4*y(v). Give u(w).
-7
Let j = -1 - -2. Let a(p) = p**2. Let q be a(j). Let w(i) = 5 - 6 + 1 + 7*i + 1. Calculate w(q).
8
Let i(t) = t**2 + 3*t + 5. Let z(h) = -2*h**2 - 6*h - 10. Let o(b) = 5*i(b) + 2*z(b). Let c(q) = -q**2 - 3*q - 6. Let y(d) = 4*c(d) + 5*o(d). Give y(-2).
-1
Suppose 2*i - 4*n + 8 + 6 = 0, -13 = 3*i - 2*n. Let l(p) = p**2 + 4*p - 1. Give l(i).
-4
Let n(g) = g - 3. Let y = -15 + 3. Let x = -7 - y. Calculate n(x).
2
Let l = -4 - -6. Let y be l*-3*(-2)/4. Let i(o) be the third derivative of o**6/120 - o**5/30 - o**4/24 - 2*o**3/3 + 3*o**2. Calculate i(y).
2
Suppose 0 = -10*o - 45 + 115. Let c(m) = -m**3 + 8*m**2 - 5*m - 10. Give c(o).
4
Let x(p) = p**3. Let q(h) = h**3 + 3*h**2 + h - 3. Suppose 2*l + 15 = -3*l. Let u be q(l). Let t be u/21 + 4/14. Determine x(t).
0
Let j(p) be the third derivative of 1/120*p**6 - 1/10*p**5 + 0*p**4 + p**3 + 0 - 4*p**2 + 0*p. Calculate j(6).
6
Let j(i) = -6*i + 10. Suppose 4*a - a - 3*h + 6 = 0, h = 1. Let g(o) = o - 1. Let x(w) = a*j(w) - 3*g(w). Give x(5).
8
Let l(m) = m**3 + 2*m**2 - 2*m - 3. Let c be l(-2). Suppose -c = 2*y + 3. Let s(k) = -k**2. What is s(y)?
-4
Let t(w) = -5*w**2 - 2*w - 1. Let j(v) = -6*v**2 - 2*v - 1. Let c(q) = 4*j(q) - 5*t(q). Calculate c(-6).
25
Let b(r) = r**3 - 4*r**2 + r - 2. Let j be ((-8)/24)/((-2)/12). Suppose 0*h = -j*h + 6. Determine b(h).
-8
Let o = 2 - 2. Let p(t) = 5*t + 1. Let v(n) = 5 - 4*n - 5 - 5 + 3. Let s(m) = 5*p(m) + 6*v(m). Determine s(o).
-7
Let m(t) = 2*t + 3 + 6*t + t - 5*t. What is m(4)?
19
Suppose -1 = -4*q + 3*q. Let a = q + 0. Let w(n) be the third derivative of -5*n**4/24 + n**2. Calculate w(a).
-5
Let z(w) = w. Let s be 60/14 + 14/(-49). Suppose 4*b = s*i - 8, -10 = i + 4*i + 5*b. Suppose 4 + i = -r. Determine z(r).
-4
Suppose -2*p - 4*l + 11 = 33, -5*l - 17 = -p. Let a = -4 - p. Let i(o) = 0 - 5*o + 2 - 3. Calculate i(a).
4
Let v(o) be the third derivative of -o**8/20160 - o**7/1008 + 7*o**6/720 - o**5/60 + 9*o**2. Let r(t) be the third derivative of v(t). Give r(-6).
1
Let c(k) = k**2 - 7*k + 6. Let t be 2/(-6) + (-176)/(-6). Suppose -5*o + a + t = 0, -o + 3*a = -6 - 11. What is c(o)?
-4
Suppose 3*q + 24 = -0*q - 3*i, -3*i = 5*q + 30. Let x(y) = y**2 + 3*y - 2. Give x(q).
-2
Suppose -3*p = 2*p - 30. Suppose 3*d = d - p. Let q = -1 + d. Let s(v) = -v + 4. Give s(q).
8
Suppose 2*v - 30 = -4*t, -5*t + 2*v = -6 - 9. Let a be -1*(0 + (-1 - 1)). Let u(n) = 0*n - 5*n + 0*n**a - 3 + n**2. Determine u(t).
-3
Let u(x) = 2*x**3 - 7*x**2 - 5*x + 2. Let b(k) = 2*k**3 - 6*k**2 - 5*k + 2. Let o(h) = 4*b(h) - 3*u(h). What is o(3)?
14
Let k(q) be the first derivative of -2*q + 1 + 5/2*q**2 - 2/3*q**3. Let z be (-3)/(-9) + 16/6. Give k(z).
-5
Suppose 0 = -3*a + 4*a - 6. Let n(t) = t**2 - 6*t - 8. Determine n(a).
-8
Let m(y) = -y**3 + y**2 - y + 1. Let p(l) = -4*l**3 + 8*l**2 - 3*l - 1. Let z(r) = -3*m(r) + p(r). What is z(4)?
12
Let o(h) = h**3 + 3*h**2 + 2 + 2 - 1 + h. Calculate o(-3).
0
Let l(c) = -3*c - 6. Let y(j) = -j**2 + 5*j - 4. Let i be (-102)/(-27) - 2/(-9). Let a be y(i). Suppose a + 4 = -w. Give l(w).
6
Let s(y) be the third derivative of y**5/20 - y**4/24 - 9*y**2. Give s(1).
2
Let w(o) = -2*o**2 + 4*o - 4. Let f(y) = -y + 6. Let t be f(3). Let m be (-48)/(-14) - t/7. Give w(m).
-10
Let i(m) = m - 3. Let x be i(5). Let l(y) = 3*y - 9 - y + 8 - 3*y**3 - x*y**2. Determine l(1).
-4
Let c(r) be the third derivative of -2*r**2 + 1/60*r**5 - 1/120*r**6 + 0*r + 0*r**3 + 0*r**4 + 0. Determine c(0).
0
Let d(g) = g**2 + 5*g + 8. Let j(b) = 3*b**2 + 16*b + 25. Let r(u) = -11*d(u) + 4*j(u). Calculate r(-8).
4
Let k(b) be the second derivative of b**5/20 - b**4/2 - 5*b**3/6 - 7*b**2/2 + 23*b. Determine k(7).
7
Let k(d) = d**3 - 2*d**2 - d - 2. Suppose r + 11 = 3*h - h, -5*h = 5*r + 10. Determine k(h).
4
Let p(v) be the first derivative of -v**3/3 + 3*v**2/2 + 3*v + 10. What is p(5)?
-7
Let g(b) = 2*b + 2. Let w(k) = k**3 - 8*k**2 + 5*k + 16. Let t be w(7). What is g(t)?
6
Let n(y) = -y**2 + 3*y - 1. Let b be n(2). Let i(j) be the second derivative of j**5/5 - j**4/12 + 5*j. Give i(b).
3
Suppose 3*h - 2 = 13. Suppose 2*a = -6 + 10. Let n(i) = -2*i + 4 + i**a - 1 - 2 - 6. Determine n(h).
10
Suppose -3*b = 4*q + 71, 4*b - 8 = -2*q - 36. Let a be ((-6)/(-5))/(q/(-50)). Let d(c) = c**2 + 2*c - 3. Give d(a).
12
Let q(j) = j**2 - 11*j + 11. Let h be q(10). Let c(a) = 16*a**3 - a**2 - a + 1. What is c(h)?
15
Let l(r) be the first derivative of -r**4/4 + 8*r**3/3 - 7*r**2/2 + 10*r + 7. Give l(7).
10
Let q(v) = v - 7. Let o = -6 - -11. Determine q(o).
-2
Let l(i) = 4*i. Let s be (1 - (-2 + 0)) + -4. Calculate l(s).
-4
Let d(z) = 4 - 7*z - z**3 - 8*z**2 + 2*z**3 + 3*z**2. Calculate d(6).
-2
Suppose 3*o + 27 = 9. Let k(v) = 2*v + 6. Determine k(o).
-6
Let l(c) = -c**3 - 3*c**2 + 6*c + 4. Suppose 3*r = 9, 0 = -o - 4*o - 2*r - 14. Let k be l(o). Let v(t) = t**2 + 5*t + 4. Give v(k).
0
Suppose -5*x - 2*t + 21 = 0, 2*x + 4*t - 15 = t. Let c(f) = f**3 - 2*f**2 - f - 3. Calculate c(x).
3
Let u(d) = -d**2 + 7*d + 10. Let z = 73 + -66. Calculate u(z).
10
Let a(v) = v**2 + 3*v. Suppose -18*k - 20 = -13*k. What is a(k)?
4
Let p(r) = 2*r**2 - 8*r - 2. Let i be p(5). Let y(j) = -j**2 + 9*j - 7. Calculate y(i).
1
Let m(q) = 1 + 3*q**3 - 4*q**3 - 4*q**3 + 0. Determine m(-1).
6
Suppose -5*d + 25 = -3*n, -2*d = -5*n - 35 + 6. Suppose -3*t = -10 - 2. Let l(x) = -x + d + 2*x + t. Determine l(0).
6
Let i = -38 - -35. Let b(f) = 7*f**3 + 5*f**2 + 9*f - 10. Let j(o) = -6*o**3 - 5*o**2 - 8*o + 9. Let v(w) = 5*b(w) + 6*j(w). Determine v(i).
-5
Let r(n) = 2 + n - 6 - 1 + 3. Determine r(-6).
-8
Let c = 0 - 3. Let r(k) = k**2 + 6*k - 1. Let o(z) = -z**2 - 6*z + 2. Suppose -4*w + 13 + 3 = 0. Let x(b) = w*o(b) + 5*r(b). Calculate x(c).
-6
Let g(p) = -p**2 - p - 2. Let f be 2*(25/(-5) + 4). What is g(f)?
-4
Let x(f) be the third derivative of -f**6/120 + f**5/10 + f**4/3 - f**3 - 6*f**2. Determine x(7).
1
Suppose 3*p = -2*p + 35. Let m be (-2)/10 - (-22)/10. Let b(h) = -p - 2*h**m + h**3 - 5*h - 3*h + 6*h**2. Det